f 8?
False
Is 2261 a multiple of 17?
True
Is 24 a factor of 7944?
True
Is 278 a multiple of 6?
False
Does 30 divide 2430?
True
Does 20 divide 298?
False
Is 1006 a multiple of 75?
False
Is 7 a factor of 1008?
True
Does 198 divide 24156?
True
Does 56 divide 2712?
False
Is 996 a multiple of 6?
True
Is 1155 a multiple of 15?
True
Is 110 a factor of 10264?
False
Is 103 a multiple of 19?
False
Does 40 divide 160?
True
Does 7 divide 3933?
False
Is 20 a factor of 49640?
True
Is 30990 a multiple of 94?
False
Is 16 a factor of 304?
True
Does 43 divide 4003?
False
Is 8441 a multiple of 367?
True
Is 1403 a multiple of 23?
True
Is 59 a multiple of 2?
False
Is 16242 a multiple of 69?
False
Is 287 a factor of 87404?
False
Is 30 a factor of 1470?
True
Is 637 a multiple of 8?
False
Is 13 a factor of 72254?
True
Is 34580 a multiple of 133?
True
Is 3 a factor of 8308?
False
Is 195 a factor of 68250?
True
Does 43 divide 30458?
False
Is 9 a factor of 20250?
True
Is 43588 a multiple of 17?
True
Is 10725 a multiple of 19?
False
Is 8 a factor of 1040?
True
Is 27868 a multiple of 42?
False
Is 33 a factor of 2820?
False
Is 38 a factor of 3610?
True
Is 1188 a multiple of 25?
False
Does 85 divide 1870?
True
Does 30 divide 120?
True
Does 65 divide 11505?
True
Is 22 a factor of 605?
False
Is 26367 a multiple of 141?
True
Is 44 a factor of 750?
False
Does 145 divide 4210?
False
Does 7 divide 181?
False
Is 492 a multiple of 82?
True
Is 1397 a multiple of 19?
False
Does 26 divide 130?
True
Is 81 a factor of 567?
True
Does 53 divide 901?
True
Is 181 a multiple of 12?
False
Does 11 divide 818?
False
Is 8903 a multiple of 41?
False
Does 21 divide 46179?
True
Is 356 a factor of 80614?
False
Is 117 a factor of 2106?
True
Does 9 divide 698?
False
Is 29684 a multiple of 41?
True
Is 13250 a multiple of 19?
False
Is 67 a factor of 8509?
True
Does 7 divide 2452?
False
Is 8084 a multiple of 18?
False
Is 220 a factor of 81840?
True
Is 2640 a multiple of 22?
True
Is 1472 a multiple of 8?
True
Is 25 a factor of 750?
True
Is 33 a factor of 264?
True
Is 36 a factor of 252?
True
Is 111 a factor of 54979?
False
Is 52 a factor of 156?
True
Is 75 a factor of 3863?
False
Is 1316 a multiple of 14?
True
Does 2 divide 80?
True
Is 324 a multiple of 6?
True
Is 41673 a multiple of 4?
False
Does 36 divide 3550?
False
Is 13 a factor of 12194?
True
Is 24 a factor of 4036?
False
Is 60 a multiple of 20?
True
Is 1440 a multiple of 28?
False
Is 15 a factor of 19485?
True
Does 23 divide 575?
True
Is 11 a factor of 25?
False
Does 29 divide 4524?
True
Does 32 divide 2521?
False
Does 11 divide 10241?
True
Is 84 a factor of 57304?
False
Does 11 divide 20772?
False
Does 18 divide 2336?
False
Is 145 a factor of 12851?
False
Is 584 a multiple of 7?
False
Is 13 a factor of 310?
False
Is 3116 a multiple of 28?
False
Is 2664 a multiple of 111?
True
Is 5 a factor of 371?
False
Does 48 divide 456?
False
Is 91 a multiple of 47?
False
Is 108 a multiple of 9?
True
Does 13 divide 3328?
True
Is 7 a factor of 4931?
False
Is 2513 a multiple of 108?
False
Is 15 a factor of 2370?
True
Does 10 divide 1390?
True
Does 16 divide 8720?
True
Is 9 a factor of 3591?
True
Is 41 a factor of 2009?
True
Does 14 divide 16758?
True
Is 59890 a multiple of 53?
True
Is 3 a factor of 731?
False
Is 2106 a multiple of 27?
True
Is 5185 a multiple of 17?
True
Does 18 divide 2268?
True
Is 2963 a multiple of 142?
False
Does 15 divide 1995?
True
Is 14 a factor of 8820?
True
Is 8 a factor of 2224?
True
Is 2216 a multiple of 12?
False
Is 17 a factor of 680?
True
Is 27 a factor of 1782?
True
Is 31 a factor of 979?
False
Does 22 divide 4154?
False
Is 2023 a multiple of 39?
False
Does 8 divide 402?
False
Does 3 divide 123?
True
Does 80 divide 480?
True
Is 19 a factor of 4793?
False
Is 20 a factor of 80?
True
Is 15 a factor of 3637?
False
Is 4844 a multiple of 7?
True
Does 13 divide 626?
False
Is 140 a factor of 39337?
False
Does 3 divide 6?
True
Is 4 a factor of 390?
False
Is 66 a factor of 3176?
False
Is 21058 a multiple of 24?
False
Does 32 divide 13024?
True
Is 13912 a multiple of 74?
True
Is 8751 a multiple of 67?
False
Is 9 a factor of 93?
False
Does 14 divide 89432?
True
Is 34033 a multiple of 271?
False
Is 14883 a multiple of 11?
True
Is 2632 even?
True
Does 3 divide 162?
True
Is 22 a factor of 1606?
True
Does 28 divide 897?
False
Is 13 a multiple of 13?
True
Is 17279 a multiple of 17?
False
Is 1030 a multiple of 10?
True
Is 29193 a multiple of 4?
False
Does 13 divide 19734?
True
Is 195 a multiple of 5?
True
Is 10 a factor of 1321?
False
Does 13 divide 837?
False
Is 37 a factor of 2923?
True
Is 19 a factor of 56095?
False
Is 12474 a multiple of 33?
True
Is 520 a multiple of 26?
True
Is 3 a factor of 6787?
False
Does 35 divide 39145?
False
Is 6860 a multiple of 20?
True
Is 2 a factor of 15504?
True
Is 1085 a multiple of 155?
True
Does 88 divide 34607?
False
Does 94 divide 41454?
True
Is 4794 a multiple of 34?
True
Is 4410 a multiple of 105?
True
Does 18 divide 72?
True
Is 2443 a multiple of 2?
False
Is 19 a factor of 5168?
True
Is 43 a factor of 7413?
False
Is 320 a multiple of 5?
True
Is 48 a factor of 4896?
True
Is 77 a factor of 9317?
True
Is 84 a factor of 812?
False
Is 20655 a multiple of 45?
True
Is 17 a factor of 352?
False
Is 1344 a multiple of 6?
True
Is 2032 a multiple of 21?
False
Is 882 a multiple of 9?
True
Does 13 divide 4277?
True
Does 2 divide 935?
False
Is 259 a factor of 56827?
False
Is 10 a factor of 13790?
True
Is 1010 a multiple of 20?
False
Does 118 divide 290?
False
Is 16 a factor of 167?
False
Is 16 a factor of 6771?
False
Is 585 a multiple of 15?
True
Is 30 a factor of 3165?
False
Is 2993 a multiple of 41?
True
Is 89 a factor of 89?
True
Is 21681 a multiple of 11?
True
Is 58 a factor of 812?
True
Is 12 a factor of 5734?
False
Is 1100 a multiple of 50?
True
Does 11 divide 638?
True
Is 6460 a multiple of 85?
True
Does 33 divide 9813?
False
Is 23 a factor of 872?
False
Is 2407 a multiple of 12?
False
Is 11690 a multiple of 2?
True
Is 1450 a multiple of 25?
True
Is 32 a factor of 332?
False
Is 1061 a multiple of 2?
False
Does 72 divide 55257?
False
Is 10 a factor of 2375?
False
Is 15 a factor of 3225?
True
Does 21 divide 106992?
False
Does 17 divide 51?
True
Is 16 a multiple of 3?
False
Is 737 a multiple of 11?
True
Is 28 a multiple of 4?
True
Is 33072 a multiple of 208?
True
Is 3120 a multiple of 60?
True
Does 11 divide 456?
False
Is 20 a factor of 1140?
True
Is 1332 a multiple of 74?
True
Is 4 a factor of 40?
True
Is 7920 a multiple of 180?
True
Does 123 divide 3198?
True
Is 17 a factor of 2839?
True
Is 112 a factor of 9806?
False
Does 25 divide 225?
True
Does 28 divide 1204?
True
Is 709 a multiple of 25?
False
Is 782 a multiple of 6?
False
Does 32 divide 64?
True
Does 37 divide 4312?
False
Is 26 a factor of 28070?
False
Is 36203 a multiple of 41?
True
Does 2 divide 4148?
True
Is 34 a factor of 49810?
True
Does 40 divide 1274?
False
Does 71 divide 17963?
True
Is 247 a multiple of 30?
False
Is 4 a factor of 732?
True
Is 14762 a multiple of 27?
False
Is 14275 a multiple of 10?
False
Is 130 a factor of 63596?
False
Is 12 a factor of 63744?
True
Is 855 a multiple of 57?
True
Is 802 a multiple of 8?
False
Does 10 divide 3150?
True
Does 10 divide 13889?
False
Is 183 a factor of 78086?
False
Does 13 divide 3367?
True
Does 11 divide 30569?
True
Is 89 a multiple of 3?
False
Does 12 divide 1620?
True
Is 5 a factor of 85?
True
Is 2 a factor of 190?
True
Is 31077 a multiple of 231?
False
Does 7 divide 2114?
True
Is 48 a factor of 3114?
False
Is 25420 a multiple of 62?
True
Is 14740 a multiple of 134?
True
Is 1892 a multiple of 72?
False
Is 48 a factor of 629?
False
Is 25 a factor of 6400?
True
Is 84 a factor of 776?
False
Does 6 divide 344?
False
Is 23 a factor of 10696?
False
Is 20 a factor of 11460?
True
Is 29568 a multiple of 96?
True
Is 2068 a multiple of 44?
True
Is 51 a factor of 68096?
False
Is 6 a factor of 6233?
False
Is 73 a multiple of 52?
False
Is 1112 a multiple of 8?
True
Does 17 divide 5899?
True
Is 4518 a multiple of 7?
False
Does 51 divide 328?
False
Does 12 divide 1608?
True
Does 4 divide 5878?
False
Is 10 a factor of 10?
True
Is 119 a multiple of 13?
False
Does 49 divide 2737?
False
Is 300 a multiple of 150?
True
Does 2